{"id":3544,"date":"2022-12-22T15:01:03","date_gmt":"2022-12-22T15:01:03","guid":{"rendered":"https:\/\/www.expedismart.ch\/pages\/?page_id=3544"},"modified":"2023-04-11T09:13:32","modified_gmt":"2023-04-11T09:13:32","slug":"argentine","status":"publish","type":"page","link":"https:\/\/www.expedismart.ch\/pages\/infos-pratiques\/pays\/argentine\/","title":{"rendered":"Argentine"},"content":{"rendered":"\n<h1 class=\"gb-headline gb-headline-e4f7b0a9 gb-headline-text\">Meilleure solution pour exp\u00e9dier des marchandises en Argentine<\/h1>\n\n\n<div class=\"gb-container gb-container-4ca4c369\"><div class=\"gb-inside-container\">\n\n<figure class=\"wp-block-image alignfull size-large is-style-default\"><img decoding=\"async\" width=\"1024\" height=\"227\" src=\"https:\/\/www.expedismart.ch\/pages\/wp-content\/uploads\/2022\/11\/Argentina-1024x227.png\" alt=\"Meilleure solution pour exp\u00e9dier des marchandises en Argentine\" class=\"wp-image-3033\" srcset=\"https:\/\/www.expedismart.ch\/pages\/wp-content\/uploads\/2022\/11\/Argentina-1024x227.png 1024w, https:\/\/www.expedismart.ch\/pages\/wp-content\/uploads\/2022\/11\/Argentina-300x67.png 300w, https:\/\/www.expedismart.ch\/pages\/wp-content\/uploads\/2022\/11\/Argentina-768x170.png 768w, https:\/\/www.expedismart.ch\/pages\/wp-content\/uploads\/2022\/11\/Argentina-1536x341.png 1536w, https:\/\/www.expedismart.ch\/pages\/wp-content\/uploads\/2022\/11\/Argentina.png 1920w\" sizes=\"(max-width: 1024px) 100vw, 1024px\" \/><\/figure>\n\n<\/div><\/div>\n\n<div class=\"gb-grid-wrapper gb-grid-wrapper-9335b011\">\n<div class=\"gb-grid-column gb-grid-column-124dd388\"><div class=\"gb-container gb-container-124dd388\"><div class=\"gb-inside-container\"><\/div><\/div><\/div>\n\n<div class=\"gb-grid-column gb-grid-column-b401532d\"><div class=\"gb-container gb-container-b401532d\"><div class=\"gb-inside-container\">\n\n<h2 class=\"wp-block-heading header-underline-red\"><strong>Votre entreprise a d\u00e9velopp\u00e9 des relations commerciales et vous souhaitez envoyer un colis vers l\u2019Argentine?<\/strong><\/h2>\n\n<\/div><\/div><\/div>\n\n<div class=\"gb-grid-column gb-grid-column-f718cc8e\"><div class=\"gb-container gb-container-f718cc8e\"><div class=\"gb-inside-container\"><\/div><\/div><\/div>\n<\/div>\n\n<div class=\"gb-grid-wrapper gb-grid-wrapper-7139b796\">\n<div class=\"gb-grid-column gb-grid-column-f16ee891\"><div class=\"gb-container gb-container-f16ee891\"><div class=\"gb-inside-container\"><\/div><\/div><\/div>\n\n<div class=\"gb-grid-column gb-grid-column-fa585d50\"><div class=\"gb-container gb-container-fa585d50\"><div class=\"gb-inside-container\">\n\n<p>Vous \u00eates une personne habitant en Suisse et votre famille ou vos amis habitent en Argentine et vous souhaitez leur envoyer de la fondue ou du chocolat ? Vous vous dites que la Poste argentine n\u2019est peut-\u00eatre pas assez fiable pour \u00eatre s\u00fbr que votre colis arrive en bon \u00e9tat et dans les temps ?<\/p>\n\n\n<div class=\"gb-container gb-container-9e60513b\"><div class=\"gb-inside-container\">\n\n<p><a rel=\"noreferrer noopener\" href=\"https:\/\/www.expedismart.ch\/\" target=\"_blank\">Expedismart.ch<\/a>&nbsp;a la solution pour vous. Sur Expedismart, vous pouvez&nbsp;<strong>comparer les prix des principaux transporteurs express<\/strong>&nbsp;tels que DHL, FedEx, UPS, TNT ou encore Aramex et les&nbsp;<strong>r\u00e9server en ligne<\/strong>. En deux clics, vous obtenez un devis pour un envoi de colis depuis la Suisse vers l\u2019Argentine. En plus, vous<strong>&nbsp;b\u00e9n\u00e9ficiez de rabais<\/strong>&nbsp;pouvant aller jusqu\u2019\u00e0 70% du prix public et que nous avons n\u00e9goci\u00e9s aupr\u00e8s de ces transporteurs.<\/p>\n\n<\/div><\/div>\n\n<div class=\"gb-container gb-container-b3c7dca0\"><div class=\"gb-inside-container\">\n\n<p>Sachez que vous pouvez envoyer en Argentine d\u2019un coup jusqu\u2019\u00e0 20 colis de 100 grammes \u00e0 70kg, mais aussi des documents ou encore des palettes. Une bonne nouvelle pour les PME et TPE suisses, si vous planifier d\u2019envoyer plus de 20 colis par mois en Argentine ou dans tout autres destination, nous avons la possibilit\u00e9 de vous faire b\u00e9n\u00e9ficier d\u2019encore meilleurs tarifs, prenez contact avec nous.<\/p>\n\n<\/div><\/div>\n<\/div><\/div><\/div>\n\n<div class=\"gb-grid-column gb-grid-column-e373b842\"><div class=\"gb-container gb-container-e373b842\"><div class=\"gb-inside-container\"><\/div><\/div><\/div>\n<\/div>\n\n\n<div class=\"wp-block-group alignfull margin-top:30px button_link_exp has-base-background-color has-background has-medium-font-size\"><div class=\"wp-block-group__inner-container is-layout-flow wp-block-group-is-layout-flow\"><div class=\"gb-button-wrapper gb-button-wrapper-289f742d\">\n\n<a class=\"gb-button gb-button-c9f14dcb gb-button-text special_red_button_gp\" href=\"\/\" target=\"_blank\" rel=\"noopener noreferrer\" id=\"compare-prices-1\"><strong>Regardez les prix des envois en Argentine<\/strong><\/a>\n\n<\/div><\/div><\/div>\n\n\n<div class=\"gb-grid-wrapper gb-grid-wrapper-eb6a6c34\">\n<div class=\"gb-grid-column gb-grid-column-dc3bd0f4\"><div class=\"gb-container gb-container-dc3bd0f4\"><div class=\"gb-inside-container\"><\/div><\/div><\/div>\n\n<div class=\"gb-grid-column gb-grid-column-cc9e5cc3\"><div class=\"gb-container gb-container-cc9e5cc3\"><div class=\"gb-inside-container\">\n<div class=\"gb-container gb-container-82e4b234\"><div class=\"gb-inside-container\">\n\n<h2 class=\"wp-block-heading header-underline-red\"><strong>Les formalit\u00e9s douani\u00e8res pour l\u2019Argentine<\/strong><br><strong><mark style=\"background-color:rgba(0, 0, 0, 0)\" class=\"has-inline-color has-red-exp-color\">Documents requis<\/mark><\/strong><\/h2>\n\n<\/div><\/div>\n\n\n<p>Lorsque vous planifiez d\u2019envoyer un colis depuis la Suisse vers l\u2019Argentine avec DHL, FedEx, UPS ou TNT, il est n\u00e9cessaire de fournir deux documents principaux. D\u2019abord le bordereau d\u2019exp\u00e9dition. Ce document \u00e0 deux autres noms,&nbsp;<strong>Airway Bill ou lettre de transport<\/strong>. Il s\u2019agit d\u2019un document que chaque transporteur express, DHL, FedEx, UPS, TNT, Aramex vous demandera. Sur Expedismart, ce document vous sera fourni automatiquement en PDF rempli \u00e0 la fin de votre r\u00e9servation. Il contient le plus souvent un gros code-barre que le coursier du transporteur scannera au moment de son passage chez vous.<\/p>\n\n\n<div class=\"gb-container gb-container-3714b5f7\"><div class=\"gb-inside-container\">\n\n<p>L\u2019autre document mentionn\u00e9 pour un envoi de colis depuis la Suisse vers l\u2019Argentine est la&nbsp;<a href=\"https:\/\/www.expedismart.ch\/pages\/infos-pratiques\/documentation-technique\/facture-proforma\/\" target=\"_blank\" rel=\"noreferrer noopener\">facture proforma ou la facture commerciale<\/a>. Si votre entreprise en Suisse vend de la marchandise en Argentine, alors il vous faudra fournir une&nbsp;<strong>facture commerciale<\/strong>. Celle-ci dit aux douanes argentines le contenu de votre colis, le prix de la marchandise et \u00e0 qui il est adress\u00e9. Si vous ne vendez pas la marchandise, ce sera l\u2019option&nbsp;<strong>proforma ou \u00ab pour la forme \u00bb<\/strong>. Elle indique \u00e9galement aux argentins quelles sont les marchandises que vous avez exp\u00e9di\u00e9es. Dans les deux cas, cela leur permettra de savoir quel montant de TVA sera factur\u00e9 au destinataire de votre colis. Ce document sera \u00e9galement fourni automatiquement \u00e0 la fin de votre r\u00e9servation sur&nbsp;<a href=\"https:\/\/www.expedismart.ch\/pages\/infos-pratiques\/documentation-technique\/facture-proforma\/\" target=\"_blank\" rel=\"noreferrer noopener\">expedismart.ch<\/a>.<\/p>\n\n<\/div><\/div>\n<\/div><\/div><\/div>\n\n<div class=\"gb-grid-column gb-grid-column-d4e39d2d\"><div class=\"gb-container gb-container-d4e39d2d\"><div class=\"gb-inside-container\"><\/div><\/div><\/div>\n<\/div>\n\n<div class=\"gb-grid-wrapper gb-grid-wrapper-b28747bd\">\n<div class=\"gb-grid-column gb-grid-column-78d3f07a\"><div class=\"gb-container gb-container-78d3f07a\"><div class=\"gb-inside-container\"><\/div><\/div><\/div>\n\n<div class=\"gb-grid-column gb-grid-column-ed542513\"><div class=\"gb-container gb-container-ed542513\"><div class=\"gb-inside-container\">\n<div class=\"gb-grid-wrapper gb-grid-wrapper-45d58127 grid-gap\">\n<div class=\"gb-grid-column gb-grid-column-ada8d777\"><div class=\"gb-container gb-container-ada8d777 commercial-invoice ul-red-dots\"><div class=\"gb-inside-container\">\n<div class=\"gb-container gb-container-a88c0644\"><div class=\"gb-inside-container\">\n\n<h3 class=\"wp-block-heading header-underline-white\"><strong>Les \u00e9l\u00e9ments-cl\u00e9s qui doivent \u00eatre inscrits dans votre facture commerciale ou proforma \u00e0 destination de l\u2019Argentine.<\/strong><\/h3>\n\n<\/div><\/div>\n\n\n<ul class=\"wp-block-list\">\n<li> Les noms, pr\u00e9noms, adresses, num\u00e9ros de t\u00e9l\u00e9phones et emails des exp\u00e9diteurs (vous-m\u00eame) et destinataires.<\/li>\n\n\n\n<li>&nbsp;En cas de ventes de marchandises, le num\u00e9ro de TVA de l\u2019entreprise \u00e0 qui vous destinez votre colis<\/li>\n\n\n\n<li>&nbsp;Le nombre pr\u00e9cis d\u2019\u00e9l\u00e9ments que contient votre colis.<\/li>\n\n\n\n<li>&nbsp;Pour un envoi aupr\u00e8s d\u2019un particulier, alors pensez \u00e0 ajouter une copie de sa carte d\u2019identit\u00e9. Cela n\u2019est pas toujours demand\u00e9 mais peut faciliter le d\u00e9douanement.<\/li>\n\n\n\n<li>&nbsp;Les factures doivent \u00eatre fournies en 3 exemplaires, dat\u00e9s et sign\u00e9s.<\/li>\n<\/ul>\n\n<\/div><\/div><\/div>\n\n<div class=\"gb-grid-column gb-grid-column-5efd30ed\"><div class=\"gb-container gb-container-5efd30ed check-list-red\"><div class=\"gb-inside-container\">\n<div class=\"gb-container gb-container-8d7fc0cb\"><div class=\"gb-inside-container\">\n\n<h3 class=\"wp-block-heading header-underline-white-only\"><strong>CHECK-LIST<\/strong><\/h3>\n\n<\/div><\/div>\n\n\n<ul class=\"wp-block-list\">\n<li><strong>Adresse postale compl\u00e8te<\/strong><\/li>\n\n\n\n<li><strong>Document Pro forma<\/strong><\/li>\n\n\n\n<li><strong>D\u00e9claration en douane<\/strong><\/li>\n\n\n\n<li><strong>Pas de biens prohib\u00e9s<\/strong><\/li>\n<\/ul>\n\n<\/div><\/div><\/div>\n<\/div>\n<\/div><\/div><\/div>\n\n<div class=\"gb-grid-column gb-grid-column-a1c9fb29\"><div class=\"gb-container gb-container-a1c9fb29\"><div class=\"gb-inside-container\"><\/div><\/div><\/div>\n<\/div>\n\n\n<div class=\"wp-block-group alignfull margin-top:30px has-base-background-color has-background has-medium-font-size\"><div class=\"wp-block-group__inner-container is-layout-flow wp-block-group-is-layout-flow\"><div class=\"gb-button-wrapper gb-button-wrapper-e1aeeb32\">\n\n<a class=\"gb-button gb-button-9118eb2e gb-button-text special_red_button_gp\" href=\"\/\" target=\"_blank\" rel=\"noopener noreferrer\" id=\"compare-prices-2\"><strong>Exp\u00e9diez un colis en Argentine au meilleur prix<\/strong><\/a>\n\n<\/div><\/div><\/div>\n\n\n<div class=\"gb-grid-wrapper gb-grid-wrapper-61a5a940 red-line-overflow\">\n<div class=\"gb-grid-column gb-grid-column-b3e310c4\"><div class=\"gb-container gb-container-b3e310c4\"><div class=\"gb-inside-container\"><\/div><\/div><\/div>\n\n<div class=\"gb-grid-column gb-grid-column-2fc51738\"><div class=\"gb-container gb-container-2fc51738 header-margin-bottom-parent\"><div class=\"gb-inside-container\">\n<div class=\"gb-container gb-container-2df7f4a7\"><div class=\"gb-inside-container\">\n\n<h2 class=\"wp-block-heading header-underline-red\"><strong>Livraison de marchandises en Argentine?<\/strong><br><strong><mark style=\"background-color:rgba(0, 0, 0, 0)\" class=\"has-inline-color has-red-exp-color\">Tarifs douaniers<\/mark><\/strong><\/h2>\n\n<\/div><\/div>\n\n<div class=\"gb-container gb-container-53173bbc\"><div class=\"gb-inside-container\">\n<div class=\"gb-container gb-container-df027109\"><div class=\"gb-inside-container\">\n\n<p>Lorsque vous envoyez de la marchandise en Argentine, pensez \u00e0 pr\u00e9venir votre destinataire qu\u2019il devra payer des frais de douane. Ces frais seront calcul\u00e9s sur la valeur d\u00e9clar\u00e9e de votre marchandise, soit la valeur que vous aurez indiqu\u00e9e sur la facture proforma ou commerciale. En Argentine,&nbsp;<strong>les frais de TVA \u00e0 l\u2019importation sont compris entre 0 et 35%<\/strong>&nbsp;en fonction du type de marchandises que vous souhaitez envoyer. Si vous passez par&nbsp;<a href=\"https:\/\/www.expedismart.ch\/pages\/infos-pratiques\/documentation-technique\/facture-proforma\/\" target=\"_blank\" rel=\"noreferrer noopener\">expedismart.ch<\/a>&nbsp;pour vos envois, c\u2019est le transporteur que vous aurez choisi qui s\u2019occupera de pr\u00e9lever cette TVA \u00e0 l\u2019importation. Pr\u00e9venez \u00e9galement votre destinataire que, en Argentine, votre destinataire devra payer au moment de la livraison ces frais de TVA.<\/p>\n\n<\/div><\/div>\n\n<div class=\"gb-container gb-container-9a8c0ceb\"><div class=\"gb-inside-container\">\n\n<p><strong>Conseil<\/strong>&nbsp;: Les frais de douane doivent \u00eatre obligatoirement pay\u00e9s pour que la marchandise soit livr\u00e9e. Si votre destinataire refuse de les payer il y a deux solutions :<\/p>\n\n<\/div><\/div>\n\n<div class=\"gb-container gb-container-0778ffd9\"><div class=\"gb-inside-container\">\n\n<p>a. Vous pouvez demander \u00e0&nbsp;<strong>payer vous-m\u00eame les frais de TVA<\/strong>. Dans le jargon de la logistique, il s\u2019agit de demander de la livraison en DDP (delivery duty paid).&nbsp;<a rel=\"noreferrer noopener\" href=\"https:\/\/www.expedismart.ch\/pages\/infos-pratiques\/douane\/quest-ce-que-les-incoterms\/\" target=\"_blank\">Lisez notre article<\/a>&nbsp;pour en savoir plus. Sachez que si vous demandez cette possibilit\u00e9 alors que votre colis pour l\u2019Argentine est d\u00e9j\u00e0 en transit, il faudra plusieurs jours pour que cela soit mis en place par les transporteurs et cela va rallonger d\u2019autant la date de la livraison. Vous pouvez nous le demander au moment de votre r\u00e9servation sur expedismart.ch. Sachez \u00e9galement que vous ne pourrez pas vous faire rembourser ce montant de TVA, m\u00eame si vous \u00eates une entreprise, car il s\u2019agi d\u2019une TVA destin\u00e9e \u00e0 un pays \u00e9tranger.<\/p>\n\n<\/div><\/div>\n\n<div class=\"gb-container gb-container-1fbc44dd\"><div class=\"gb-inside-container\">\n\n<p>b. Vous pouvez&nbsp;<strong>demander le retour de votre colis<\/strong>&nbsp;en Suisse. Attention, cette solution est ch\u00e8re car vous devrez payer le montant de l\u2019envoi, celui du retour et \u00e9ventuellement les frais de TVA de chaque pays qui seront quand-m\u00eame factur\u00e9.<\/p>\n\n<\/div><\/div>\n<\/div><\/div>\n\n<div class=\"gb-container gb-container-3ddff145\"><div class=\"gb-inside-container\">\n<div class=\"gb-container gb-container-7816fc64\"><div class=\"gb-inside-container\">\n<div class=\"gb-container gb-container-a9c937ca\"><div class=\"gb-inside-container\">\n\n<h2 class=\"wp-block-heading header-underline-white\"><strong>   Qu&#8217;est-ce qui est interdit \u00e0 l&#8217;importation en Argentine?<\/strong><\/h2>\n\n\n<div class=\"gb-container gb-container-b2191a2a\"><div class=\"gb-inside-container\">\n\n<p>Certaines marchandises sont interdites d\u2019importation par l\u2019ensemble des transporteurs, en voici une liste non-exhaustive :<\/p>\n\n<\/div><\/div>\n<\/div><\/div>\n\n<div class=\"gb-container gb-container-4c990c48\"><div class=\"gb-inside-container\">\n\n<ul class=\"wp-block-list\">\n<li>L\u2019alcool<\/li>\n\n\n\n<li>Les produits alimentaires p\u00e9rissables<\/li>\n\n\n\n<li>Les peaux animales<\/li>\n\n\n\n<li>Les huiles<\/li>\n\n\n\n<li>Les drogues<\/li>\n\n\n\n<li>Produits toxiques<\/li>\n\n\n\n<li>Produits chimiques<\/li>\n\n\n\n<li>La pornographie<\/li>\n\n\n\n<li>Les films<\/li>\n\n\n\n<li>Les d\u00e9riv\u00e9s du tabac<\/li>\n\n\n\n<li>Les armes \u00e0 feux<\/li>\n\n\n\n<li>Des chaussures<\/li>\n<\/ul>\n\n<\/div><\/div>\n\n\n<p><strong>Information \u00e0 retenir<\/strong>&nbsp;: toutes les&nbsp;<strong>informations que nous vous donnons ici concernant les marchandises est \u00e0 titre indicative<\/strong>. Il est n\u00e9cessaire que vous vous renseigniez personnellement sur la l\u00e9galit\u00e9 des envois que vous souhaitez effectuer pour l\u2019Argentine. Expedismart ne peut pas \u00eatre tenu pour responsable en cas de blocage, retour \u00e0 l\u2019exp\u00e9diteur ou destruction de la marchandise.<\/p>\n\n<\/div><\/div>\n\n<div class=\"gb-container gb-container-1692184d\"><div class=\"gb-inside-container\">\n\n<h2 class=\"wp-block-heading header-underline-red\"><strong>Faire des envois express en Argentine<\/strong><br><strong><mark style=\"background-color:rgba(0, 0, 0, 0)\" class=\"has-inline-color has-red-exp-color\">Biens fragiles<\/mark><\/strong><\/h2>\n\n<\/div><\/div>\n\n<div class=\"gb-container gb-container-ae6e7327\"><div class=\"gb-inside-container\">\n\n<p>Les transporteurs express tels que DHL, FedEx, UPS, TNT ou Aramex prennent g\u00e9n\u00e9ralement soins de votre marchandise. Malgr\u00e9 tout, il est n\u00e9cessaire d\u2019emballer correctement votre colis. Si cela vous int\u00e9resse, nous vous invitons \u00e0 jeter un \u0153il sur notre<a rel=\"noreferrer noopener\" href=\"https:\/\/www.expedismart.ch\/pages\/infos-pratiques\/astuces\/emballage\/\" target=\"_blank\">&nbsp;article d\u00e9di\u00e9 \u00e0 ce sujet<\/a>. Ce que vous devez d\u2019abord savoir, c\u2019est que pour qu\u2019un colis pour l\u2019Argentine arrive en bon \u00e9tat, il est important que la marchandise soit<strong>&nbsp;cal\u00e9e correctement \u00e0 l\u2019int\u00e9rieur<\/strong>. Pour cela, pensez \u00e0 bourrer les espaces vide de n\u2019importe quels mat\u00e9riaux protecteurs comme des vieux chiffons, du papier journal ou encore du sagex. Le choix du carton est \u00e9galement important, prenez du carton triple cannelure, le plus r\u00e9sistant.<\/p>\n\n\n<div class=\"gb-container gb-container-bde1e095\"><div class=\"gb-inside-container\">\n\n<p>Enfin, nous vous conseillons d<strong>\u2019indiquer sur le colis qu\u2019il s\u2019agit de marchandise fragile<\/strong>. Indiquez-le par un autocollant ou par la mention FRAGILE au feutre, bien visible et de tous les c\u00f4t\u00e9s du carton.<\/p>\n\n<\/div><\/div>\n\n<div class=\"gb-container gb-container-d6dfc286\"><div class=\"gb-inside-container\">\n\n<h2 class=\"wp-block-heading header-underline-red delivery-delay\"><strong>D\u00e9lais de livraison<\/strong><\/h2>\n\n<\/div><\/div>\n\n<div class=\"gb-container gb-container-b7f28427\"><div class=\"gb-inside-container\">\n\n<p>Lorsque vous faites un devis sur expedismart.ch, vous pouvez connaitre en quelques minutes une ESTIMATION du temps de livraison de votre colis pour l\u2019Argentine. Bien \u00e9videmment, il s\u2019agit d\u2019une estimation est aucun d\u00e9lai n\u2019est garanti, quel que soit le service utilis\u00e9, et cela depuis la pand\u00e9mie de COVID-19. Que ce soit avec FedEx, UPS, TNT Aramex ou DHL, aucun transporteur ne proposera de remboursement en cas de livraison tardive. Malgr\u00e9 tout, dans la grande majorit\u00e9 des cas, les d\u00e9lais indiqu\u00e9s sont respect\u00e9s. En Argentine, nos client envoient g\u00e9n\u00e9ralement dans les villes suivantes : Buneos Aires, Salta, Mendoza, Cordoba, Mar del Plata.<\/p>\n\n<\/div><\/div>\n<\/div><\/div>\n<\/div><\/div>\n\n<div class=\"gb-container gb-container-f8e550d6 holidays-of-countries\"><div class=\"gb-inside-container\">\n<div class=\"gb-container gb-container-eef283e4\"><div class=\"gb-inside-container\">\n\n<h2 class=\"wp-block-heading header-underline-white\"><strong>Enl\u00e8vements et livraisons en Argentine<\/strong><br><strong><mark style=\"background-color:rgba(0, 0, 0, 0)\" class=\"has-inline-color has-red-exp-color\">Journ\u00e9es festives<\/mark><\/strong><\/h2>\n\n<\/div><\/div>\n\n<div class=\"gb-container gb-container-4d9aab56\"><div class=\"gb-inside-container\">\n\n<p>Il peut y avoir des retards de livraison les jours suivants. Veuillez tenir compte de ces dates lorsque vous planifiez un envoi :<\/p>\n\n<\/div><\/div>\n\n<div class=\"gb-container gb-container-fb43e401\"><div class=\"gb-inside-container\">\n<div class=\"gb-grid-wrapper gb-grid-wrapper-7b12cbc0\">\n<div class=\"gb-grid-column gb-grid-column-682b5c6e\"><div class=\"gb-container gb-container-682b5c6e ul-red-dots\"><div class=\"gb-inside-container\">\n\n<ul class=\"wp-block-list\">\n<li>1er janvier, jour de l\u2019an<\/li>\n\n\n\n<li>Lundi gras le 28 f\u00e9vrier<\/li>\n\n\n\n<li>Mardi gras, 1er mars<\/li>\n\n\n\n<li>Journ\u00e9e des v\u00e9t\u00e9rans et combattants des Malouines, 2 avril<\/li>\n\n\n\n<li>Jour de la M\u00e9moire pour la v\u00e9rit\u00e9 et la Justice, 24 mars<\/li>\n\n\n\n<li>F\u00eate du travail, 1er mai<\/li>\n\n\n\n<li>Census day, 18 mai<\/li>\n\n\n\n<li>Jour du premier gouvernement national, 25 mai<\/li>\n\n\n\n<li>Anniversaire de la mort du General Martin Miguel de G\u00fcemes, 20 juin<\/li>\n<\/ul>\n\n<\/div><\/div><\/div>\n\n<div class=\"gb-grid-column gb-grid-column-ca64b596\"><div class=\"gb-container gb-container-ca64b596 ul-red-dots\"><div class=\"gb-inside-container\">\n\n<ul class=\"wp-block-list\">\n<li>Jour du drapeau, 20 juin<\/li>\n\n\n\n<li>Jour de l\u2019ind\u00e9pendance de l\u2019Argentine, 9 juillet<\/li>\n\n\n\n<li>Anniversaire de la mort du G\u00e9n\u00e9ral Saint Martin, 15 ao\u00fbt<\/li>\n\n\n\n<li>Jour du respect de la diversit\u00e9 culturelle, 10 octobre<\/li>\n\n\n\n<li>Le jour des employ\u00e9s de banque, 6 novembre<\/li>\n\n\n\n<li>Jour de la souverainet\u00e9 nationale, 21 novembre<\/li>\n\n\n\n<li>F\u00eate de l\u2019Immacul\u00e9e Conception, 8 d\u00e9cembre<\/li>\n\n\n\n<li>R\u00e9veillon de N\u00f6el, 24 d\u00e9cembre<\/li>\n\n\n\n<li>No\u00ebl, 25 d\u00e9cembre<\/li>\n<\/ul>\n\n<\/div><\/div><\/div>\n<\/div>\n<\/div><\/div>\n<\/div><\/div>\n\n<div class=\"gb-container gb-container-285596a9\"><div class=\"gb-inside-container\">\n\n<h2 class=\"wp-block-heading header-underline-red\"><strong>Tracking de colis express vers&nbsp;l\u2019Argentine<\/strong><br><strong><mark style=\"background-color:rgba(0, 0, 0, 0)\" class=\"has-inline-color has-red-exp-color\">Suivez votre envoi<\/mark><\/strong><\/h2>\n\n<\/div><\/div>\n\n<div class=\"gb-container gb-container-51af6782\"><div class=\"gb-inside-container\">\n\n<p>Les envois avec les transporteurs express poss\u00e8dent des num\u00e9ros de tracking. En faisant vos exp\u00e9ditions avec&nbsp;<a href=\"https:\/\/www.expedismart.ch\/pages\/infos-pratiques\/documentation-technique\/facture-proforma\/\" target=\"_blank\" rel=\"noreferrer noopener\">expedismart.ch<\/a>, il vous sera possible de suivre vos envois facilement. En cas de questions, n\u2019h\u00e9sitez pas \u00e0&nbsp;<a href=\"https:\/\/www.expedismart.ch\/pages\/nous-contacter\/\" target=\"_blank\" rel=\"noreferrer noopener\">nous contacter<\/a>.<\/p>\n\n<\/div><\/div>\n<\/div><\/div><\/div>\n\n<div class=\"gb-grid-column gb-grid-column-51b8048d\"><div class=\"gb-container gb-container-51b8048d\"><div class=\"gb-inside-container\"><\/div><\/div><\/div>\n<\/div>\n\n\n<div class=\"wp-block-group alignfull margin-top:30px has-base-background-color has-background has-medium-font-size\"><div class=\"wp-block-group__inner-container is-layout-flow wp-block-group-is-layout-flow\"><div class=\"gb-button-wrapper gb-button-wrapper-385aab1f\">\n\n<a class=\"gb-button gb-button-a9cc083f gb-button-text special_red_button_gp\" href=\"\/\" target=\"_blank\" rel=\"noopener noreferrer\" id=\"compare-prices-3\"><strong>Exp\u00e9diez vos colis en Argentine pas cher<\/strong><\/a>\n\n<\/div><\/div><\/div>\n","protected":false},"excerpt":{"rendered":"<p>Meilleure solution pour exp\u00e9dier des marchandises en Argentine<\/p>\n","protected":false},"author":2,"featured_media":0,"parent":3153,"menu_order":0,"comment_status":"closed","ping_status":"closed","template":"","meta":{"_seopress_robots_primary_cat":"","_seopress_titles_title":"Comment envoyer un colis en Argentine","_seopress_titles_desc":"Lisez les conseils indispensables d&#039;exp\u00e9dition et r\u00e9servez en ligne le transport au meilleur prix. Livraison porte-\u00e0-porte.","_seopress_robots_index":"","inline_featured_image":false,"footnotes":""},"class_list":["post-3544","page","type-page","status-publish"],"_links":{"self":[{"href":"https:\/\/www.expedismart.ch\/pages\/wp-json\/wp\/v2\/pages\/3544","targetHints":{"allow":["GET"]}}],"collection":[{"href":"https:\/\/www.expedismart.ch\/pages\/wp-json\/wp\/v2\/pages"}],"about":[{"href":"https:\/\/www.expedismart.ch\/pages\/wp-json\/wp\/v2\/types\/page"}],"author":[{"embeddable":true,"href":"https:\/\/www.expedismart.ch\/pages\/wp-json\/wp\/v2\/users\/2"}],"replies":[{"embeddable":true,"href":"https:\/\/www.expedismart.ch\/pages\/wp-json\/wp\/v2\/comments?post=3544"}],"version-history":[{"count":7,"href":"https:\/\/www.expedismart.ch\/pages\/wp-json\/wp\/v2\/pages\/3544\/revisions"}],"predecessor-version":[{"id":7703,"href":"https:\/\/www.expedismart.ch\/pages\/wp-json\/wp\/v2\/pages\/3544\/revisions\/7703"}],"up":[{"embeddable":true,"href":"https:\/\/www.expedismart.ch\/pages\/wp-json\/wp\/v2\/pages\/3153"}],"wp:attachment":[{"href":"https:\/\/www.expedismart.ch\/pages\/wp-json\/wp\/v2\/media?parent=3544"}],"curies":[{"name":"wp","href":"https:\/\/api.w.org\/{rel}","templated":true}]}}